culate the remainder when 621 is divided by 331.
290
Calculate the remainder when 409 is divided by 158.
93
What is the remainder when 294 is divided by 9?
6
Calculate the remainder when 445 is divided by 56.
53
Calculate the remainder when 44 is divided by 25.
19
Calculate the remainder when 617 is divided by 132.
89
What is the remainder when 1053 is divided by 42?
3
What is the remainder when 85 is divided by 3?
1
Calculate the remainder when 439 is divided by 72.
7
What is the remainder when 338 is divided by 68?
66
Calculate the remainder when 5797 is divided by 10.
7
Calculate the remainder when 84 is divided by 17.
16
Calculate the remainder when 603 is divided by 55.
53
What is the remainder when 566 is divided by 140?
6
Calculate the remainder when 109 is divided by 55.
54
Calculate the remainder when 249 is divided by 12.
9
What is the remainder when 525 is divided by 120?
45
Calculate the remainder when 180 is divided by 46.
42
What is the remainder when 11261 is divided by 128?
125
Calculate the remainder when 711 is divided by 18.
9
What is the remainder when 60 is divided by 10?
0
What is the remainder when 2160 is divided by 716?
12
What is the remainder when 172 is divided by 110?
62
What is the remainder when 281 is divided by 62?
33
Calculate the remainder when 283 is divided by 36.
31
What is the remainder when 403 is divided by 34?
29
What is the remainder when 429 is divided by 16?
13
Calculate the remainder when 279 is divided by 53.
14
What is the remainder when 104 is divided by 74?
30
Calculate the remainder when 2773 is divided by 690.
13
Calculate the remainder when 8510 is divided by 99.
95
What is the remainder when 143 is divided by 31?
19
Calculate the remainder when 233 is divided by 94.
45
Calculate the remainder when 335 is divided by 11.
5
Calculate the remainder when 340 is divided by 300.
40
What is the remainder when 653 is divided by 41?
38
Calculate the remainder when 1483 is divided by 111.
40
What is the remainder when 40277 is divided by 49?
48
Calculate the remainder when 415 is divided by 57.
16
What is the remainder when 1517 is divided by 79?
16
Calculate the remainder when 302 is divided by 85.
47
Calculate the remainder when 101 is divided by 30.
11
Calculate the remainder when 47 is divided by 38.
9
Calculate the remainder when 637 is divided by 71.
69
What is the remainder when 375 is divided by 358?
17
Calculate the remainder when 675 is divided by 69.
54
What is the remainder when 51 is divided by 26?
25
What is the remainder when 217 is divided by 11?
8
Calculate the remainder when 249 is divided by 80.
9
Calculate the remainder when 21 is divided by 9.
3
What is the remainder when 1411 is divided by 127?
14
Calculate the remainder when 70 is divided by 8.
6
What is the remainder when 427 is divided by 7?
0
What is the remainder when 519 is divided by 29?
26
Calculate the remainder when 932 is divided by 41.
30
Calculate the remainder when 8 is divided by 3.
2
What is the remainder when 136 is divided by 23?
21
Calculate the remainder when 859 is divided by 117.
40
Calculate the remainder when 161 is divided by 60.
41
What is the remainder when 41 is divided by 9?
5
What is the remainder when 4063 is divided by 32?
31
Calculate the remainder when 767 is divided by 35.
32
What is the remainder when 160 is divided by 27?
25
Calculate the remainder when 575 is divided by 10.
5
Calculate the remainder when 4484 is divided by 88.
84
What is the remainder when 283 is divided by 88?
19
Calculate the remainder when 769 is divided by 286.
197
Calculate the remainder when 162 is divided by 50.
12
Calculate the remainder when 240 is divided by 7.
2
What is the remainder when 23 is divided by 6?
5
Calculate the remainder when 6690 is divided by 69.
66
What is the remainder when 530 is divided by 107?
102
Calculate the remainder when 1214 is divided by 404.
2
Calculate the remainder when 1343 is divided by 123.
113
Calculate the remainder when 60 is divided by 9.
6
Calculate the remainder when 49 is divided by 6.
1
Calculate the remainder when 159 is divided by 25.
9
Calculate the remainder when 92 is divided by 51.
41
Calculate the remainder when 259 is divided by 54.
43
Calculate the remainder when 43 is divided by 42.
1
What is the remainder when 43 is divided by 23?
20
Calculate the remainder when 2340 is divided by 81.
72
What is the remainder when 672 is divided by 75?
72
What is the remainder when 199 is divided by 96?
7
Calculate the remainder when 118 is divided by 20.
18
What is the remainder when 352 is divided by 89?
85
Calculate the remainder when 12265 is divided by 141.
139
Calculate the remainder when 258 is divided by 37.
36
What is the remainder when 415 is divided by 105?
100
Calculate the remainder when 245 is divided by 113.
19
Calculate the remainder when 254 is divided by 30.
14
What is the remainder when 1907 is divided by 87?
80
Calculate the remainder when 297 is divided by 36.
9
Calculate the remainder when 715 is divided by 62.
33
What is the remainder when 285 is divided by 237?
48
Calculate the remainder when 5767 is divided by 9.
7
Calculate the remainder when 423 is divided by 16.
7
What is the remainder when 391 is divided by 391?
0
What is the remainder when 362 is divided by 6?
2
Calculate the remainder when 1544 is divided by 221.
218
What is the remainder when 358 is divided by 26?
20
Calculate the remainder when 4150 is divided by 64.
54
Calculate the remainder when 1952 is divided by 277.
13
Calculate the remainder when 281 is divided by 47.
46
What is the remainder when 273 is divided by 41?
27
Calculate the remainder when 319 is divided by 64.
63
What is the remainder when 632 is divided by 80?
72
What is the remainder when 114 is divided by 47?
20
What is the remainder when 105 is divided by 55?
50
What is the remainder when 6319 is divided by 58?
55
Calculate the remainder when 98 is divided by 11.
10
Calculate the remainder when 218 is divided by 49.
22
What is the remainder when 234 is divided by 35?
24
What is the remainder when 10693 is divided by 63?
46
What is the remainder when 5109 is divided by 10?
9
Calculate the remainder when 5709 is divided by 168.
165
What is the remainder when 3285 is divided by 84?
9
Calculate the remainder when 11513 is divided by 101.
100
Calculate the remainder when 10289 is divided by 104.
97
Calculate the remainder when 21249 is divided by 170.
169
Calculate the remainder when 2601 is divided by 93.
90
Calculate the remainder when 304 is divided by 61.
60
Calculate the remainder when 20 is divided by 6.
2
Calculate the remainder when 679 is divided by 49.
42
Calculate the remainder when 252 is divided by 65.
57
Calculate the remainder when 3879 is divided by 126.
99
What is the remainder when 175 is divided by 78?
19
Calculate the remainder when 991 is divided by 53.
37
Calculate the remainder when 1312 is divided by 188.
184
What is the remainder when 61 is divided by 53?
8
Calculate the remainder when 78 is divided by 42.
36
Calculate the remainder when 567 is divided by 82.
75
Calculate the remainder when 3 is divided by 2.
1
Calculate the remainder when 2355 is divided by 62.
61
Calculate the remainder when 3794 is divided by 165.
164
Calculate the remainder when 33 is divided by 3.
0
Calculate the remainder when 1883 is divided by 46.
43
What is the remainder when 1017 is divided by 94?
77
What is the remainder when 103 is divided by 40?
23
What is the remainder when 1429 is divided by 354?
13
What is the remainder when 1485 is divided by 15?
0
What is the remainder when 142 is divided by 123?
19
Calculate the remainder when 521 is divided by 446.
75
What is the remainder when 671 is divided by 10?
1
Calculate the remainder when 224 is divided by 25.
24
What is the remainder when 11054 is divided by 11?
10
Calculate the remainder when 938 is divided by 38.
26
What is the remainder when 126 is divided by 60?
6
Calculate the remainder when 234 is divided by 190.
44
Calculate the remainder when 1135 is divided by 71.
70
What is the remainder when 115 is divided by 17?
13
What is the remainder when 30 is divided by 27?
3
Calculate the remainder when 132 is divided by 21.
6
Calculate the remainder when 3431 is divided 